4) + (-7)/(-2). Let d = i - w. What is the units digit of d?
7
Let v(u) = u**2 + 10*u - 11. Let l be v(-11). Suppose l = -j + 5*j + 168. What is the units digit of 1/(2/j*-3)?
7
Let r(v) = -3*v**3 - 2*v**2 - 4*v + 4. Let a(b) = -4*b**3 - 2*b**2 - 4*b + 5. Let c(h) = 4*a(h) - 5*r(h). What is the units digit of c(3)?
3
Suppose 8 = 3*x - 13. Suppose -4*v + 107 - x = 0. What is the units digit of v?
5
Suppose 0 = 4*s + 9 - 85. Suppose -5*l - p - 4 = -4*l, -5*l - s = 4*p. What is the units digit of (l + 5)/((-4)/(-6))?
3
Let q(l) = l**2 - 7*l - 3. Suppose -6*u + 36 = -2*u. What is the tens digit of q(u)?
1
Let d(p) = 6*p + 8. Let f(m) = -m. Let u(r) = d(r) + 5*f(r). What is the units digit of u(-7)?
1
Let a = 4 - -1. Suppose -3*k + a = -34. What is the units digit of k?
3
Suppose -n = 3*n. Let b(m) = -2 + n*m + 5 + m**3 + m. What is the units digit of b(0)?
3
Suppose 0 = -4*c - 20 + 92. Let q be 3/2*48/c. Suppose 3*x + q = 22. What is the units digit of x?
6
Suppose -k - b = -3*k + 29, 3*b = 2*k - 39. Suppose -p + 3*p = k. What is the units digit of p?
6
Suppose 2*x = 171 + 211. What is the hundreds digit of x?
1
What is the tens digit of (-500)/(-6) + -5 + (-70)/(-15)?
8
Let q(b) = -5*b - 5. Let a be q(-5). Suppose 13 = a*v - 19*v. What is the units digit of v?
3
Let n(g) = g**2 + 2*g - 1. What is the units digit of n(3)?
4
Let h(w) = -w - 1. Let o be -5 + ((-1)/1 - -1). Let i be h(o). Suppose 0 = -i*t - 0 + 4. What is the units digit of t?
1
Let i(m) = 5*m - 18. Let y be i(9). What is the tens digit of y/((-36)/(-8) - 3)?
1
Let k be 1 + -25 + 1 + -1. Let g be 2/(2 - k/(-9)). What is the units digit of g/(3/10*-2)?
5
Let p(j) = -j**3 - 4*j**2 - 3*j + 3. Let r(o) = -2*o + 7. Let l be r(5). Let a be p(l). Suppose 0 = -a*v + v + 6. What is the units digit of v?
3
Let g(b) = 2*b**2 + 8*b - 7. What is the units digit of g(-6)?
7
Suppose 6*l = 8 + 4. What is the units digit of l?
2
Suppose -4*s + 367 = -3105. What is the tens digit of s/63 - (-4)/18?
1
Suppose -40 - 68 = -3*u. What is the units digit of u?
6
Suppose 4*h + 20 = 0, -3*o + 3*h + 2*h = -37. Suppose x = -o*x + 45. What is the units digit of x?
9
Let v(g) = 54*g + 2. What is the units digit of v(1)?
6
Let k = -16 - -19. Suppose 0*r + c - 33 = -2*r, 77 = 5*r - k*c. What is the tens digit of r?
1
Let g(d) = d**2 + 4*d - 1. Let i be g(-5). Suppose i*b = -0 + 4. Suppose -11 - b = -o. What is the units digit of o?
2
Let m(b) = 2*b**2 - 6*b + 1. Let w(c) = c**2 - c. Let t(d) = -m(d) + 3*w(d). What is the units digit of t(3)?
7
Let s(z) = z**2 + 8*z + 4. Let h be s(-5). Let n(o) = -o - 6. What is the units digit of n(h)?
5
Let y = -13 - -33. Let n = -16 + y. What is the units digit of n?
4
Suppose h + 0 = -10. What is the tens digit of ((-188)/h)/((-10)/(-25))?
4
Let y be (-72)/15*20/6. Let p = y - -40. What is the tens digit of p?
2
Let a be ((-6)/5)/(1/20). Suppose -35 = -k + 4*q, k + 3*k - 140 = q. Let z = k + a. What is the tens digit of z?
1
Suppose -3*u + 10 = -5*x, 0*u - 4*u + 5*x + 10 = 0. Suppose -s + 67 = 11. Suppose u = 3*p - 5*c - 59, 2*p - 2*c = -p + s. What is the units digit of p?
8
Let s = -10 - -13. Suppose 0 = s*i - 3*u - 6, -2*i + i - 2*u = -5. What is the units digit of i?
3
Suppose 2*a - 6 = -2. What is the units digit of 2*(-6)/(-2) - a?
4
Let z(r) = 2*r - 3. Let x(o) = o**2 - 1. Let g be x(2). Suppose -2*b - 3*v + 1 = -g*b, 5*b - 15 = 5*v. What is the units digit of z(b)?
7
Let t(f) = 2*f - 3. What is the units digit of t(6)?
9
Let o(c) = -2*c + 21. Let m be o(8). Suppose -5*j - 9 - 6 = -5*v, -7 = 3*v + m*j. What is the units digit of v?
1
Suppose -5*a = 3*l - 7*l - 268, 5*l - 146 = -3*a. What is the units digit of a?
2
Let b = -2 + 1. Let c be b - 14*(-1)/(-2). What is the units digit of 2/8 + (-14)/c?
2
Suppose -2*y = -n + 8, y + 27 = -4*y - n. Let v = y + 1. What is the units digit of (-25)/v + (-1)/4?
6
Let a(q) = 3*q**2 + 3*q - 3. Let o be a(-3). Suppose -2*j + o = 3*j. Suppose j*m - 2 = m. What is the units digit of m?
1
Suppose o - 39 = 11. Suppose 3*r - 4*x - 2 = 0, -4*x + o = 5*r + x. What is the units digit of r?
6
Let p be (-1 + 0)/(2/(-6)). Suppose -a = -q - q, 2*a = 8. Suppose 4*n = -q*t + 8, p*n = 5*t - 3 - 4. What is the units digit of n?
1
Let c be 1 + 1 + 16/(-8). Let b = 3 + c. What is the units digit of b?
3
Suppose 2*c = -4, 3*g - 575 = 5*c - 127. What is the units digit of g?
6
Suppose -5*q - 5*x + 1 = -4, -3*q = -x - 3. What is the tens digit of 11 - (-1 + -1)*q?
1
Suppose -3*b = -h - 0*h - 20, 3*b - 25 = 2*h. Suppose 4*j - 8 = 3*g - 4*g, -b*g + 4*j = -16. What is the units digit of g?
4
Let d(u) = 10*u**2 - 2*u + 8. Let f(o) = o**3 + o**2. Let l(z) = -d(z) + f(z). Let w be l(9). Suppose 3*t + w = 8*t. What is the units digit of t?
2
Let u(w) = w**2 - 6*w - 7. What is the hundreds digit of u(14)?
1
Suppose -r = -5*w + r + 41, -5*r - 29 = -2*w. Let z(t) = t**2 + t - 5. What is the tens digit of z(w)?
5
Suppose -s + 6 = 2*s. Suppose 72 = -2*z - s*z. What is the tens digit of 76/6 + 12/z?
1
Suppose 3*s - 187 = -2*s - 3*k, -5*s + 195 = -5*k. What is the units digit of s?
8
Let t be 4/(-2)*(-9)/6. Let o(j) = -2*j**2 + 2*j - 6. Let s(x) = -x - 1. Let n(v) = t*s(v) - o(v). What is the units digit of n(3)?
6
Let t be (15 + 0)*(-4)/4. Let p = t - -30. What is the tens digit of p?
1
Let b = -13 + 27. Let w(a) = -a**2 + 14*a + 20. What is the units digit of w(b)?
0
What is the tens digit of 2/(-10) + 126/5?
2
What is the units digit of (36/27)/(2/108)?
2
Let m = 56 - 33. Let f = m + -22. What is the units digit of f?
1
Suppose -10*z - 3*z + 3042 = 0. What is the tens digit of z?
3
Suppose -147 = -7*o + 364. What is the units digit of o?
3
Let r(z) = -7 + 3*z + 12*z**2 + 1 + 2. Let j(f) = 11*f**2 + 2*f - 3. Let q(t) = 7*j(t) - 6*r(t). What is the units digit of q(2)?
5
Let m = -9 - -6. What is the units digit of (6/4)/(m/(-16))?
8
Suppose 2 = -s - 2, 2*r - s - 10 = 0. Suppose 8*b - 4*y = 3*b + 22, 2*b + r*y = -5. What is the units digit of b?
2
Let g(i) = i. Let v(m) = -m**2 - 2*m - 4. Let o(w) = 6*g(w) - v(w). Let u be o(-6). Let a(q) = -q + 1. What is the units digit of a(u)?
9
Suppose 5*q - 1216 = -3*v, -3*v + 1201 = -3*q + 5*q. What is the hundreds digit of v?
3
Let x(s) be the first derivative of -s**3/3 - 2*s**2 + 5*s + 2. What is the units digit of x(-4)?
5
Let k(q) = 11*q**3 - 21*q**2 + 26*q + 6. Let y(l) = 7*l**3 - 14*l**2 + 17*l + 4. Let f(u) = 5*k(u) - 8*y(u). What is the tens digit of f(5)?
1
Suppose 32 = 5*m - 23. What is the tens digit of m?
1
Let k(x) = -x + 2. Let p be k(0). Suppose 0 = -p*j + 19 + 3. What is the tens digit of j?
1
Suppose -r - 268 = -2*v, 0 = -5*v + 2*v + 4*r + 412. What is the hundreds digit of v?
1
Suppose 4*g + g + 15 = 0. Let w(n) = -2*n - 2. What is the units digit of w(g)?
4
Let a(g) = -4*g**2 - 2*g**2 - 19 - g**3 + 14 - 2*g. What is the units digit of a(-6)?
7
Suppose -5*d + 3*a = -1365, -4*d - 5*a = -2*a - 1119. What is the tens digit of d?
7
Suppose j - d = 17, 5*j + d + 2*d - 69 = 0. Suppose 3*y - j + 3 = 2*x, 3*x + 9 = 0. What is the units digit of y?
2
Let m = -50 + 94. What is the units digit of m?
4
Let n(l) = -12*l + 1. Let s be n(-1). Suppose -3*p - 1 = -s. Suppose -2*j - 38 = -p*g + j, -j + 57 = 5*g. What is the units digit of g?
1
Let r(d) = d**3 - 2*d**2 + d. Let g = 2 + 0. Let m be r(g). What is the units digit of 3 - (m - 0) - -5?
6
Suppose -p + 4 = -1. Suppose 9*v = 4*v - y + 9, -v = y - p. What is the units digit of v?
1
Let f(g) = 9*g**2 - g. Let r = -4 + 2. Let i = r - -3. What is the units digit of f(i)?
8
Let g = -8 - -8. Suppose -5*b + 251 - 31 = g. What is the tens digit of b?
4
Let j(w) = -w + 4. Let i be j(-2). Let q = i + 14. What is the tens digit of q?
2
Let g(k) = k**3 - 7*k**2. Let a be g(7). Let h = 12 + a. Suppose 0 = 3*y - h, 0*v - 4*y + 26 = 5*v. What is the units digit of v?
2
Suppose -4*c - o + 56 = 17, 10 = -2*o. What is the tens digit of c?
1
Let n(k) = k**2 - 9*k + 5. Let v be -1 + 0 + (-5 - -15). Let b be n(v). Suppose 36 = 3*g + 4*x + 1, 50 = 5*g + b*x. What is the units digit of g?
5
Suppose -3*i + 24 + 96 = 0. Let g = -16 + i. What is the units digit of g?
4
Let p = -134 + 175. What is the tens digit of p?
4
Let g = 24 - 20. What is the units digit of g?
4
Suppose 5*z + 4*s - 43 -